is -446cb4 (base 13) in base 16?
-18a3b5
Convert 2820b9b (base 12) to base 4.
132202202213
446b6 (base 14) to base 16
28858
What is 11110011101000101000 (base 2) in base 6?
33220012
Convert -2859a80 (base 11) to base 9.
-10225217
-122d706 (base 14) to base 3
-121101222022101
Convert 123325324 (base 6) to base 15.
3280da
Convert -17b5a6 (base 12) to base 11.
-262a17
What is 2563733 (base 8) in base 3?
1100022101221
4ab9 (base 13) to base 12
619a
What is 2a59991 (base 11) in base 7?
62352661
90b1 (base 13) to base 11
13a67
-14240101 (base 5) to base 7
-1161400
What is 50129a (base 12) in base 13?
34836a
Convert 284b7 (base 15) to base 12.
62a0a
Convert -704869 (base 10) to base 11.
-441640
What is 15142351 (base 8) in base 15?
484a21
Convert -204410135 (base 6) to base 16.
-3699cb
Convert 3dda9b (base 14) to base 8.
10150371
What is -8386d (base 14) in base 10?
-317225
What is -13001131203 (base 4) in base 5?
-432402440
What is -38271d (base 15) in base 4?
-22101012112
Convert -8a80a1 (base 12) to base 8.
-10340171
1551c (base 14) to base 16
cf96
Convert 3562101 (base 7) to base 15.
8de69
What is 10081316 (base 9) in base 5?
2214231234
5105015 (base 7) to base 11
384978
What is -2233312220 (base 5) in base 11?
-28a0929
Convert 102400301 (base 5) to base 11.
277456
What is -4b2b1 (base 15) in base 4?
-322221301
What is 53974 (base 12) in base 8?
327250
-21350055 (base 6) to base 3
-1012022221022
What is 110011111000011110110010 (base 2) in base 16?
cf87b2
What is 1e95c (base 16) in base 3?
20100211212
What is 12005520 (base 6) in base 16?
5b6f8
-cad604 (base 14) to base 10
-6874900
What is 4928626 (base 10) in base 15?
675501
Convert 1a273 (base 14) to base 4.
100030231
Convert -64dba (base 15) to base 9.
-537384
What is 219008 (base 12) in base 4?
2002113020
-6a6e59 (base 15) to base 9
-10511583
Convert -66429c (base 14) to base 10.
-3468946
27920 (base 14) to base 16
17e28
Convert -100000230 (base 4) to base 16.
-1002c
-316520 (base 9) to base 7
-1413402
-515257 (base 10) to base 3
-222011210121
-1ee99 (base 15) to base 16
-18b31
150002 (base 7) to base 8
70216
Convert -45312021 (base 6) to base 15.
-1c34cd
14301152 (base 6) to base 13
142157
Convert -35955 (base 11) to base 14.
-14bcb
Convert -15313010 (base 6) to base 8.
-2033576
Convert 37914 (base 10) to base 7.
215352
-128577 (base 13) to base 4
-1231013112
Convert -11000110101111010 (base 2) to base 10.
-101754
What is 16377 (base 12) in base 16?
7b8b
Convert 1878c0 (base 13) to base 6.
21114540
Convert 1020142310 (base 5) to base 12.
860196
What is 156061 (base 12) in base 16?
589c9
ba605 (base 12) to base 7
2043626
What is -675160 (base 11) in base 10?
-1075635
8184b0 (base 12) to base 5
1004312144
Convert 1457369 (base 10) to base 9.
2661118
Convert -12012222211 (base 3) to base 9.
-165884
Convert -112433223 (base 5) to base 3.
-222011012011
24233122 (base 5) to base 11
145845
What is 24bab6 (base 12) in base 7?
5052516
Convert 1011120110 (base 3) to base 16.
59e8
-19aa4 (base 13) to base 3
-2112210201
-102220100120 (base 3) to base 13
-82827
What is -465151 (base 9) in base 6?
-5553114
Convert 527422 (base 11) to base 3.
1120220020200
3960 (base 14) to base 6
114400
7845504 (base 10) to base 2
11101111011011010000000
Convert 16123640 (base 7) to base 14.
2c5a57
What is -1100001101011110 (base 2) in base 9?
-75541
What is b3077 (base 12) in base 5?
24431441
1034144333 (base 5) to base 11
1301148
What is -1000000110011110100 (base 2) in base 6?
-5404552
What is 2694535 (base 10) in base 12?
a9b407
-31331133 (base 4) to base 15
-11e23
Convert -54552300 (base 6) to base 3.
-10001220222000
What is -12216312 (base 8) in base 11?
-1580336
1364106 (base 9) to base 15
ec78c
Convert 21133310 (base 4) to base 5.
2221100
Convert -46b056 (base 14) to base 15.
-329a37
What is 3c3082 (base 13) in base 15?
1dd88d
Convert -1059236 (base 10) to base 12.
-430b98
What is 11000101000000001 (base 2) in base 14?
28a89
Convert 3bb77 (base 15) to base 16.
2ec63
Convert -116106115 (base 7) to base 5.
-3333010124
Convert -77651 (base 9) to base 4.
-30211222
-24ac1 (base 15) to base 13
-4144c
789427 (base 11) to base 12
507501
What is -14430500 (base 7) in base 13?
-38c066
Convert 4242404 (base 5) to base 9.
118200
Convert 102003 (base 7) to base 16.
4458
What is 1c80616 (base 13) in base 5?
4413334341
What is 1166608 (base 10) in base 16?
11cd10
Convert -32406200 (base 7) to base 14.
-5235a7
Convert -37363 (base 8) to base 5.
-1003430
Convert 14722 (base 11) to base 16.
5164
-533008 (base 15) to base 10
-3958883
-1113002 (base 6) to base 11
-393a3
Convert -11144020 (base 8) to base 2.
-1001001100100000010000
c799 (base 16) to base 14
1489b
Convert 34398 (base 12) to base 14.
1b564
-303a1 (base 13) to base 2
-10101000100110001
Convert 1d96d (base 14) to base 8.
224255
Convert 629126 (base 10) to base 12.
2640b2
2705d0 (base 14) to base 9
2470876
204244240 (base 5) to base 2
11010000010001001110
a322b7 (base 13) to base 3
21011020102012
What is -389866 (base 11) in base 9?
-1134254
What is -310210420 (base 5) in base 11?
-789434
What is 1345423 (base 6) in base 16?
12a77
What is -20002022122 (base 3) in base 10?
-119789
What is 1162575 (base 10) in base 2?
100011011110101001111
What is -29913 (base 13) in base 8?
-231140
What is -1001111001001011010 (base 2) in base 9?
-543626
What is 11703eb (base 15) in base 4?
233231002313
Convert -2f0d18 (base 16) to base 7.
-35131632
What is 2111010201 (base 3) in base 7?
262456
What is 161a4a (base 13) in base 2?
10000101011100110000
-22643c (base 15) to base 12
-671933
What is 351742 (base 10) in base 16?
55dfe
What is 66451 (base 8) in base 7?
144321
What is -12003221120 (base 4) in base 2?
-110000011101001011000
What is 11772 (base 10) in base 15?
374c
What is -2120857 (base 9) in base 3?
-2010200221221
-3103323 (base 6) to base 16
-24423
Convert -20012211121 (base 3) to base 4.
-131313301
-57664152 (base 8) to base 10
-12544106
What is -103033330 (base 4) in base 13?
-29b6c
1c798 (base 16) to base 8
343630
What is 11110001101110110100 (base 2) in base 15?
14858c
What is 101a407 (base 11) in base 15?
258503
Convert -2535076 (base 9) to base 13.
-394a91
What is -3365114 (base 7) in base 2?
-1100110011011011101
What is cd96 (base 16) in base 15?
108da
What is 100000100011111010001 (base 2) in base 15?
16120b
Convert 100010011110010000101110 (base 2) to base 9.
18003200
3024425 (base 6) to base 15
2c825
What is -210002203 (base 4) in base 2?
-100100000010100011
Convert 498102 (base 13) to base 4.
12231223200
Convert -318b478 (base 13) to base 5.
-12331331100
122111001000 (base 3) to base 5
42002430
-9a423 (base 11) to base 8
-434264
264ce2 (base 15) to base 16
1c0f40
-2505154 (base 6) to base 11
-91200
What is 16124146 (base 8) in base 15?
4d52bb
-222220021011 (base 3) to base 4
-2001100213
141326 (base 11) to base 16
36099
-156744 (base 10) to base 2
-100110010001001000
Convert -3013334 (base 9) to base 4.
-12013130101
-2216506 (base 7) to base 10
-273622
What is -1b19c37 (base 13) in base 9?
-17767705
What is -45515 (base 12) in base 4?
-112202201
-11874544 (base 9) to base 2
-10110010000110100111010
What is 81a71 (base 13) in base 4?
320300103
What is 2011103113 (base 4) in base 6?
15411451
-1906a94 (base 11) to base 8
-14245157
Convert 1a96936 (base 11) to base 6.
203301550
Convert -1ca049 (base 16) to base 13.
-508bab
What is 40614637 (base 8) in base 14?
11d9183
Convert -51baa (base 15) to base 14.
-6a619
What is 63468 (base 16) in base 8?
1432150
Convert 473224 (base 11) to base 16.
b7568
What is -22100122012002 (base 3) in base 8?
-20742165
-34523101 (base 6) to base 2
-100000100111000101101
What is -3254194 (base 10) in base 4?
-30122132302
2254a (base 15) to base 4
122222023
Convert 85197 (base 11) to base 10.
124010
Convert 304141034 (base 7) to base 8.
103675442
Convert -161ee (base 16) to base 11.
-6208a
Convert -3c7172 (base 13) to base 16.
-1676fc
142141410 (base 6) to base 11
1705357
What is b0c80 (base 14) in base 6?
13035440
101300441 (base 5) to base 2
1100101100000000010
4717 (base 12) to base 3
101220001
What is 364580 (base 12) in base 15?
125510
Convert 2704672 (base 8) to base 4.
2320212322
-11001000121 (base 3) to base 14
-20d6d
6ac8a (base 15)